{"version":"1.0","provider_name":"Darka Mazi","provider_url":"https:\/\/darkamazi.site","title":"\u0130ran rejimi, Hasan Zirek\u2019in do\u011fum g\u00fcn\u00fcn\u00fc kutlamak isteyen halk\u0131 engellemek istedi - Darka Mazi","type":"rich","width":600,"height":338,"html":"<blockquote class=\"darka-embedded-content\" data-secret=\"nWrMHRjPKi\"><a href=\"https:\/\/darkamazi.site\/archives\/1017309\">\u0130ran rejimi, Hasan Zirek\u2019in do\u011fum g\u00fcn\u00fcn\u00fc kutlamak isteyen halk\u0131 engellemek istedi<\/a><\/blockquote><iframe sandbox=\"allow-scripts\" security=\"restricted\" src=\"https:\/\/darkamazi.site\/archives\/1017309\/embed#?secret=nWrMHRjPKi\" width=\"600\" height=\"338\" title=\"&#8220;\u0130ran rejimi, Hasan Zirek\u2019in do\u011fum g\u00fcn\u00fcn\u00fc kutlamak isteyen halk\u0131 engellemek istedi&#8221; &#8212; Darka Mazi\" data-secret=\"nWrMHRjPKi\" frameborder=\"0\" marginwidth=\"0\" marginheight=\"0\" scrolling=\"no\" class=\"darka-embedded-content\"><\/iframe><script>\n\/*! This file is auto-generated *\/\n!function(d,l){\"use strict\";l.querySelector&&d.addEventListener&&\"undefined\"!=typeof URL&&(d.wp=d.wp||{},d.wp.receiveEmbedMessage||(d.wp.receiveEmbedMessage=function(e){var t=e.data;if((t||t.secret||t.message||t.value)&&!\/[^a-zA-Z0-9]\/.test(t.secret)){for(var s,r,n,a=l.querySelectorAll('iframe[data-secret=\"'+t.secret+'\"]'),o=l.querySelectorAll('blockquote[data-secret=\"'+t.secret+'\"]'),c=new RegExp(\"^https?:$\",\"i\"),i=0;i<o.length;i++)o[i].style.display=\"none\";for(i=0;i<a.length;i++)s=a[i],e.source===s.contentWindow&&(s.removeAttribute(\"style\"),\"height\"===t.message?(1e3<(r=parseInt(t.value,10))?r=1e3:~~r<200&&(r=200),s.height=r):\"link\"===t.message&&(r=new URL(s.getAttribute(\"src\")),n=new URL(t.value),c.test(n.protocol))&&n.host===r.host&&l.activeElement===s&&(d.top.location.href=t.value))}},d.addEventListener(\"message\",d.wp.receiveEmbedMessage,!1),l.addEventListener(\"DOMContentLoaded\",function(){for(var e,t,s=l.querySelectorAll(\"iframe.darka-embedded-content\"),r=0;r<s.length;r++)(t=(e=s[r]).getAttribute(\"data-secret\"))||(t=Math.random().toString(36).substring(2,12),e.src+=\"#?secret=\"+t,e.setAttribute(\"data-secret\",t)),e.contentWindow.postMessage({message:\"ready\",secret:t},\"*\")},!1)))}(window,document);\n\/\/# sourceURL=https:\/\/darkamazi.site\/other\/js\/wp-embed.min.js\n<\/script>\n","thumbnail_url":"https:\/\/darkamazi.site\/file\/2021\/12\/Hasan-Zirek.jpg","thumbnail_width":1280,"thumbnail_height":720,"description":"\u00dcnl\u00fc K\u00fcrt sanat\u00e7\u0131 Hasan Zirek\u2019in do\u011fum g\u00fcn\u00fcn\u00fc kutlamak isteyen Do\u011fu K\u00fcrdistanl\u0131 sevenleri, \u0130ran rejimine ba\u011fl\u0131 g\u00fc\u00e7ler taraf\u0131ndan engellenmek istendi. 26 Kas\u0131m Pazar g\u00fcn\u00fc, \u00fcnl\u00fc K\u00fcrt \u015fark\u0131c\u0131 Hassan Zirak&#8217;\u0131n do\u011fum g\u00fcn\u00fc vesilesiyle do\u011fum g\u00fcn\u00fc Bokan \u015fehrinde bir anma t\u00f6reni d\u00fczenlendi. Do\u011fu K\u00fcrdistan&#8217;\u0131n Bokan kentindeki \u0130ran rejiminin kolluk kuvvetleri ve g\u00fcvenlik g\u00fc\u00e7leri t\u00f6renin y\u00fcr\u00fct\u00fclmesine m\u00fcdahale ederek t\u00f6renin [&hellip;]"}

İran rejimi, Hasan Zirek’in doğum gününü kutlamak isteyen halkı engellemek istedi - Darka Mazi

<blockquote class="darka-embedded-content" data-secret="nWrMHRjPKi"><a href="https://darkamazi.site/archives/1017309">İran rejimi, Hasan Zirek’in doğum gününü kutlamak isteyen halkı engellemek istedi</a></blockquote><iframe sandbox="allow-scripts" security="restricted" src="https://darkamazi.site/archives/1017309/embed#?secret=nWrMHRjPKi" width="600" height="338" title="&#8220;İran rejimi, Hasan Zirek’in doğum gününü kutlamak isteyen halkı engellemek istedi&#8221; &#8212; Darka Mazi" data-secret="nWrMHRjPKi" frameborder="0" marginwidth="0" marginheight="0" scrolling="no" class="darka-embedded-content"></iframe><script>
/*! This file is auto-generated */
!function(d,l){"use strict";l.querySelector&&d.addEventListener&&"undefined"!=typeof URL&&(d.wp=d.wp||{},d.wp.receiveEmbedMessage||(d.wp.receiveEmbedMessage=function(e){var t=e.data;if((t||t.secret||t.message||t.value)&&!/[^a-zA-Z0-9]/.test(t.secret)){for(var s,r,n,a=l.querySelectorAll('iframe[data-secret="'+t.secret+'"]'),o=l.querySelectorAll('blockquote[data-secret="'+t.secret+'"]'),c=new RegExp("^https?:$","i"),i=0;i<o.length;i++)o[i].style.display="none";for(i=0;i<a.length;i++)s=a[i],e.source===s.contentWindow&&(s.removeAttribute("style"),"height"===t.message?(1e3<(r=parseInt(t.value,10))?r=1e3:~~r<200&&(r=200),s.height=r):"link"===t.message&&(r=new URL(s.getAttribute("src")),n=new URL(t.value),c.test(n.protocol))&&n.host===r.host&&l.activeElement===s&&(d.top.location.href=t.value))}},d.addEventListener("message",d.wp.receiveEmbedMessage,!1),l.addEventListener("DOMContentLoaded",function(){for(var e,t,s=l.querySelectorAll("iframe.darka-embedded-content"),r=0;r<s.length;r++)(t=(e=s[r]).getAttribute("data-secret"))||(t=Math.random().toString(36).substring(2,12),e.src+="#?secret="+t,e.setAttribute("data-secret",t)),e.contentWindow.postMessage({message:"ready",secret:t},"*")},!1)))}(window,document);
//# sourceURL=https://darkamazi.site/other/js/wp-embed.min.js
</script>

Ünlü Kürt sanatçı Hasan Zirek’in doğum gününü kutlamak isteyen Doğu Kürdistanlı sevenleri, İran rejimine bağlı güçler tarafından engellenmek istendi. 26 Kasım Pazar günü, ünlü Kürt şarkıcı Hassan Zirak&#8217;ın doğum günü vesilesiyle doğum günü Bokan şehrinde bir anma töreni düzenlendi. Doğu Kürdistan&#8217;ın Bokan kentindeki İran rejiminin kolluk kuvvetleri ve güvenlik güçleri törenin yürütülmesine müdahale ederek törenin [&hellip;]
