{"version":"1.0","provider_name":"Darka Mazi","provider_url":"https:\/\/darkamazi.site","title":"BM Genel Sekreteri Guterres bug\u00fcn Erbil'e geliyor - Darka Mazi","type":"rich","width":600,"height":338,"html":"<blockquote class=\"darka-embedded-content\" data-secret=\"9RzYHki8d7\"><a href=\"https:\/\/darkamazi.site\/archives\/1023671\">BM Genel Sekreteri Guterres bug\u00fcn Erbil&#8217;e geliyor<\/a><\/blockquote><iframe sandbox=\"allow-scripts\" security=\"restricted\" src=\"https:\/\/darkamazi.site\/archives\/1023671\/embed#?secret=9RzYHki8d7\" width=\"600\" height=\"338\" title=\"&#8220;BM Genel Sekreteri Guterres bug\u00fcn Erbil&#8217;e geliyor&#8221; &#8212; Darka Mazi\" data-secret=\"9RzYHki8d7\" frameborder=\"0\" marginwidth=\"0\" marginheight=\"0\" scrolling=\"no\" class=\"darka-embedded-content\"><\/iframe><script>\n\/*! This file is auto-generated *\/\n!function(d,l){\"use strict\";l.querySelector&&d.addEventListener&&\"undefined\"!=typeof URL&&(d.wp=d.wp||{},d.wp.receiveEmbedMessage||(d.wp.receiveEmbedMessage=function(e){var t=e.data;if((t||t.secret||t.message||t.value)&&!\/[^a-zA-Z0-9]\/.test(t.secret)){for(var s,r,n,a=l.querySelectorAll('iframe[data-secret=\"'+t.secret+'\"]'),o=l.querySelectorAll('blockquote[data-secret=\"'+t.secret+'\"]'),c=new RegExp(\"^https?:$\",\"i\"),i=0;i<o.length;i++)o[i].style.display=\"none\";for(i=0;i<a.length;i++)s=a[i],e.source===s.contentWindow&&(s.removeAttribute(\"style\"),\"height\"===t.message?(1e3<(r=parseInt(t.value,10))?r=1e3:~~r<200&&(r=200),s.height=r):\"link\"===t.message&&(r=new URL(s.getAttribute(\"src\")),n=new URL(t.value),c.test(n.protocol))&&n.host===r.host&&l.activeElement===s&&(d.top.location.href=t.value))}},d.addEventListener(\"message\",d.wp.receiveEmbedMessage,!1),l.addEventListener(\"DOMContentLoaded\",function(){for(var e,t,s=l.querySelectorAll(\"iframe.darka-embedded-content\"),r=0;r<s.length;r++)(t=(e=s[r]).getAttribute(\"data-secret\"))||(t=Math.random().toString(36).substring(2,12),e.src+=\"#?secret=\"+t,e.setAttribute(\"data-secret\",t)),e.contentWindow.postMessage({message:\"ready\",secret:t},\"*\")},!1)))}(window,document);\n\/\/# sourceURL=https:\/\/darkamazi.site\/other\/js\/wp-embed.min.js\n<\/script>\n","thumbnail_url":"https:\/\/darkamazi.site\/file\/2023\/03\/images.jpg","thumbnail_width":259,"thumbnail_height":194,"description":"Birle\u015fmi\u015f Milletler (BM) Genel Sekreteri Antonio Guterres bug\u00fcn yetkililerle g\u00f6r\u00fc\u015fmek \u00fczere Erbil&#8217;i ziyaret edecek. Guterres\u2019in daha sonra bir bas\u0131n toplant\u0131s\u0131 yapmas\u0131 bekleniyor. Ba\u015fkent Erbil\u2019de Ba\u015fkan Ne\u00e7irvan Barzani taraf\u0131ndan kar\u015f\u0131lanacak olan Guterres, Ba\u015fbakan Masrur Barzani, Parlamento Ba\u015fkan\u0131 Rewaz Fayeq ve Ba\u015fbakan Yard\u0131mc\u0131s\u0131 Kubad Talabani ile bir araya gelecek. Guterres daha sonra Ba\u011fdat ve Erbil temaslar\u0131 hakk\u0131nda [&hellip;]"}

BM Genel Sekreteri Guterres bugün Erbil'e geliyor - Darka Mazi

<blockquote class="darka-embedded-content" data-secret="9RzYHki8d7"><a href="https://darkamazi.site/archives/1023671">BM Genel Sekreteri Guterres bugün Erbil&#8217;e geliyor</a></blockquote><iframe sandbox="allow-scripts" security="restricted" src="https://darkamazi.site/archives/1023671/embed#?secret=9RzYHki8d7" width="600" height="338" title="&#8220;BM Genel Sekreteri Guterres bugün Erbil&#8217;e geliyor&#8221; &#8212; Darka Mazi" data-secret="9RzYHki8d7" frameborder="0" marginwidth="0" marginheight="0" scrolling="no" class="darka-embedded-content"></iframe><script>
/*! This file is auto-generated */
!function(d,l){"use strict";l.querySelector&&d.addEventListener&&"undefined"!=typeof URL&&(d.wp=d.wp||{},d.wp.receiveEmbedMessage||(d.wp.receiveEmbedMessage=function(e){var t=e.data;if((t||t.secret||t.message||t.value)&&!/[^a-zA-Z0-9]/.test(t.secret)){for(var s,r,n,a=l.querySelectorAll('iframe[data-secret="'+t.secret+'"]'),o=l.querySelectorAll('blockquote[data-secret="'+t.secret+'"]'),c=new RegExp("^https?:$","i"),i=0;i<o.length;i++)o[i].style.display="none";for(i=0;i<a.length;i++)s=a[i],e.source===s.contentWindow&&(s.removeAttribute("style"),"height"===t.message?(1e3<(r=parseInt(t.value,10))?r=1e3:~~r<200&&(r=200),s.height=r):"link"===t.message&&(r=new URL(s.getAttribute("src")),n=new URL(t.value),c.test(n.protocol))&&n.host===r.host&&l.activeElement===s&&(d.top.location.href=t.value))}},d.addEventListener("message",d.wp.receiveEmbedMessage,!1),l.addEventListener("DOMContentLoaded",function(){for(var e,t,s=l.querySelectorAll("iframe.darka-embedded-content"),r=0;r<s.length;r++)(t=(e=s[r]).getAttribute("data-secret"))||(t=Math.random().toString(36).substring(2,12),e.src+="#?secret="+t,e.setAttribute("data-secret",t)),e.contentWindow.postMessage({message:"ready",secret:t},"*")},!1)))}(window,document);
//# sourceURL=https://darkamazi.site/other/js/wp-embed.min.js
</script>

Birleşmiş Milletler (BM) Genel Sekreteri Antonio Guterres bugün yetkililerle görüşmek üzere Erbil&#8217;i ziyaret edecek. Guterres’in daha sonra bir basın toplantısı yapması bekleniyor. Başkent Erbil’de Başkan Neçirvan Barzani tarafından karşılanacak olan Guterres, Başbakan Masrur Barzani, Parlamento Başkanı Rewaz Fayeq ve Başbakan Yardımcısı Kubad Talabani ile bir araya gelecek. Guterres daha sonra Bağdat ve Erbil temasları hakkında [&hellip;]
