{"version":"1.0","provider_name":"Darka Mazi","provider_url":"https:\/\/darkamazi.site","title":"Mikail Aslan ilk kez gitti\u011fi Duhok\u2019u yazd\u0131: Ba\u015fka bir devletin h\u00fckm\u00fc ve g\u00f6lgesi alt\u0131nda olmamak bamba\u015fka bir duygu - Darka Mazi","type":"rich","width":600,"height":338,"html":"<blockquote class=\"darka-embedded-content\" data-secret=\"hDuh8G83Dm\"><a href=\"https:\/\/darkamazi.site\/archives\/1029381\">Mikail Aslan ilk kez gitti\u011fi Duhok\u2019u yazd\u0131: Ba\u015fka bir devletin h\u00fckm\u00fc ve g\u00f6lgesi alt\u0131nda olmamak bamba\u015fka bir duygu<\/a><\/blockquote><iframe sandbox=\"allow-scripts\" security=\"restricted\" src=\"https:\/\/darkamazi.site\/archives\/1029381\/embed#?secret=hDuh8G83Dm\" width=\"600\" height=\"338\" title=\"&#8220;Mikail Aslan ilk kez gitti\u011fi Duhok\u2019u yazd\u0131: Ba\u015fka bir devletin h\u00fckm\u00fc ve g\u00f6lgesi alt\u0131nda olmamak bamba\u015fka bir duygu&#8221; &#8212; Darka Mazi\" data-secret=\"hDuh8G83Dm\" frameborder=\"0\" marginwidth=\"0\" marginheight=\"0\" scrolling=\"no\" class=\"darka-embedded-content\"><\/iframe><script>\n\/*! This file is auto-generated *\/\n!function(d,l){\"use strict\";l.querySelector&&d.addEventListener&&\"undefined\"!=typeof URL&&(d.wp=d.wp||{},d.wp.receiveEmbedMessage||(d.wp.receiveEmbedMessage=function(e){var t=e.data;if((t||t.secret||t.message||t.value)&&!\/[^a-zA-Z0-9]\/.test(t.secret)){for(var s,r,n,a=l.querySelectorAll('iframe[data-secret=\"'+t.secret+'\"]'),o=l.querySelectorAll('blockquote[data-secret=\"'+t.secret+'\"]'),c=new RegExp(\"^https?:$\",\"i\"),i=0;i<o.length;i++)o[i].style.display=\"none\";for(i=0;i<a.length;i++)s=a[i],e.source===s.contentWindow&&(s.removeAttribute(\"style\"),\"height\"===t.message?(1e3<(r=parseInt(t.value,10))?r=1e3:~~r<200&&(r=200),s.height=r):\"link\"===t.message&&(r=new URL(s.getAttribute(\"src\")),n=new URL(t.value),c.test(n.protocol))&&n.host===r.host&&l.activeElement===s&&(d.top.location.href=t.value))}},d.addEventListener(\"message\",d.wp.receiveEmbedMessage,!1),l.addEventListener(\"DOMContentLoaded\",function(){for(var e,t,s=l.querySelectorAll(\"iframe.darka-embedded-content\"),r=0;r<s.length;r++)(t=(e=s[r]).getAttribute(\"data-secret\"))||(t=Math.random().toString(36).substring(2,12),e.src+=\"#?secret=\"+t,e.setAttribute(\"data-secret\",t)),e.contentWindow.postMessage({message:\"ready\",secret:t},\"*\")},!1)))}(window,document);\n\/\/# sourceURL=https:\/\/darkamazi.site\/other\/js\/wp-embed.min.js\n<\/script>\n","thumbnail_url":"https:\/\/darkamazi.site\/file\/2024\/05\/mikailll.jpg","thumbnail_width":900,"thumbnail_height":560,"description":"Zazaca m\u00fczi\u011fin duayen isimlerinden Mikail Aslan ilk kez gitti\u011fi Duhok \u015fehrini ve kar\u015f\u0131la\u015ft\u0131klar\u0131n\u0131 yazd\u0131. K\u00fcrdistan Federal H\u00fck\u00fcmeti\u2019nin d\u00fczenledi\u011fi Goven-Dans-Sema festivaline kat\u0131lmak i\u00e7in iki g\u00fcn boyunca Duhok\u2019ta bulunan Mikail Aslan festivali ve kar\u015f\u0131la\u015ft\u0131klar\u0131n\u0131 kaleme ald\u0131\u011f\u0131 bir yaz\u0131y\u0131 sosyal medya hesab\u0131ndan payla\u015ft\u0131. Mikail Aslan\u2019\u0131n payla\u015f\u0131m\u0131n\u0131 oldu\u011fu gibi veriyoruz: Duhok Ziyareti: 29-30 Nisanda Federal K\u00fcrdistan H\u00fck\u00fcmeti taraf\u0131ndan d\u00fczenlenen [&hellip;]"}

Mikail Aslan ilk kez gittiği Duhok’u yazdı: Başka bir devletin hükmü ve gölgesi altında olmamak bambaşka bir duygu - Darka Mazi

<blockquote class="darka-embedded-content" data-secret="hDuh8G83Dm"><a href="https://darkamazi.site/archives/1029381">Mikail Aslan ilk kez gittiği Duhok’u yazdı: Başka bir devletin hükmü ve gölgesi altında olmamak bambaşka bir duygu</a></blockquote><iframe sandbox="allow-scripts" security="restricted" src="https://darkamazi.site/archives/1029381/embed#?secret=hDuh8G83Dm" width="600" height="338" title="&#8220;Mikail Aslan ilk kez gittiği Duhok’u yazdı: Başka bir devletin hükmü ve gölgesi altında olmamak bambaşka bir duygu&#8221; &#8212; Darka Mazi" data-secret="hDuh8G83Dm" frameborder="0" marginwidth="0" marginheight="0" scrolling="no" class="darka-embedded-content"></iframe><script>
/*! This file is auto-generated */
!function(d,l){"use strict";l.querySelector&&d.addEventListener&&"undefined"!=typeof URL&&(d.wp=d.wp||{},d.wp.receiveEmbedMessage||(d.wp.receiveEmbedMessage=function(e){var t=e.data;if((t||t.secret||t.message||t.value)&&!/[^a-zA-Z0-9]/.test(t.secret)){for(var s,r,n,a=l.querySelectorAll('iframe[data-secret="'+t.secret+'"]'),o=l.querySelectorAll('blockquote[data-secret="'+t.secret+'"]'),c=new RegExp("^https?:$","i"),i=0;i<o.length;i++)o[i].style.display="none";for(i=0;i<a.length;i++)s=a[i],e.source===s.contentWindow&&(s.removeAttribute("style"),"height"===t.message?(1e3<(r=parseInt(t.value,10))?r=1e3:~~r<200&&(r=200),s.height=r):"link"===t.message&&(r=new URL(s.getAttribute("src")),n=new URL(t.value),c.test(n.protocol))&&n.host===r.host&&l.activeElement===s&&(d.top.location.href=t.value))}},d.addEventListener("message",d.wp.receiveEmbedMessage,!1),l.addEventListener("DOMContentLoaded",function(){for(var e,t,s=l.querySelectorAll("iframe.darka-embedded-content"),r=0;r<s.length;r++)(t=(e=s[r]).getAttribute("data-secret"))||(t=Math.random().toString(36).substring(2,12),e.src+="#?secret="+t,e.setAttribute("data-secret",t)),e.contentWindow.postMessage({message:"ready",secret:t},"*")},!1)))}(window,document);
//# sourceURL=https://darkamazi.site/other/js/wp-embed.min.js
</script>

Zazaca müziğin duayen isimlerinden Mikail Aslan ilk kez gittiği Duhok şehrini ve karşılaştıklarını yazdı. Kürdistan Federal Hükümeti’nin düzenlediği Goven-Dans-Sema festivaline katılmak için iki gün boyunca Duhok’ta bulunan Mikail Aslan festivali ve karşılaştıklarını kaleme aldığı bir yazıyı sosyal medya hesabından paylaştı. Mikail Aslan’ın paylaşımını olduğu gibi veriyoruz: Duhok Ziyareti: 29-30 Nisanda Federal Kürdistan Hükümeti tarafından düzenlenen [&hellip;]
