{"version":"1.0","provider_name":"Darka Mazi","provider_url":"https:\/\/darkamazi.site","title":"KDP Kerk\u00fck'te K\u00fcrt vali atanmas\u0131 konusunda kararl\u0131 - Darka Mazi","type":"rich","width":600,"height":338,"html":"<blockquote class=\"darka-embedded-content\" data-secret=\"9sGANPru3F\"><a href=\"https:\/\/darkamazi.site\/archives\/1030255\">KDP Kerk\u00fck&#8217;te K\u00fcrt vali atanmas\u0131 konusunda kararl\u0131<\/a><\/blockquote><iframe sandbox=\"allow-scripts\" security=\"restricted\" src=\"https:\/\/darkamazi.site\/archives\/1030255\/embed#?secret=9sGANPru3F\" width=\"600\" height=\"338\" title=\"&#8220;KDP Kerk\u00fck&#8217;te K\u00fcrt vali atanmas\u0131 konusunda kararl\u0131&#8221; &#8212; Darka Mazi\" data-secret=\"9sGANPru3F\" frameborder=\"0\" marginwidth=\"0\" marginheight=\"0\" scrolling=\"no\" class=\"darka-embedded-content\"><\/iframe><script>\n\/*! This file is auto-generated *\/\n!function(d,l){\"use strict\";l.querySelector&&d.addEventListener&&\"undefined\"!=typeof URL&&(d.wp=d.wp||{},d.wp.receiveEmbedMessage||(d.wp.receiveEmbedMessage=function(e){var t=e.data;if((t||t.secret||t.message||t.value)&&!\/[^a-zA-Z0-9]\/.test(t.secret)){for(var s,r,n,a=l.querySelectorAll('iframe[data-secret=\"'+t.secret+'\"]'),o=l.querySelectorAll('blockquote[data-secret=\"'+t.secret+'\"]'),c=new RegExp(\"^https?:$\",\"i\"),i=0;i<o.length;i++)o[i].style.display=\"none\";for(i=0;i<a.length;i++)s=a[i],e.source===s.contentWindow&&(s.removeAttribute(\"style\"),\"height\"===t.message?(1e3<(r=parseInt(t.value,10))?r=1e3:~~r<200&&(r=200),s.height=r):\"link\"===t.message&&(r=new URL(s.getAttribute(\"src\")),n=new URL(t.value),c.test(n.protocol))&&n.host===r.host&&l.activeElement===s&&(d.top.location.href=t.value))}},d.addEventListener(\"message\",d.wp.receiveEmbedMessage,!1),l.addEventListener(\"DOMContentLoaded\",function(){for(var e,t,s=l.querySelectorAll(\"iframe.darka-embedded-content\"),r=0;r<s.length;r++)(t=(e=s[r]).getAttribute(\"data-secret\"))||(t=Math.random().toString(36).substring(2,12),e.src+=\"#?secret=\"+t,e.setAttribute(\"data-secret\",t)),e.contentWindow.postMessage({message:\"ready\",secret:t},\"*\")},!1)))}(window,document);\n\/\/# sourceURL=https:\/\/darkamazi.site\/other\/js\/wp-embed.min.js\n<\/script>\n","thumbnail_url":"https:\/\/darkamazi.site\/file\/2024\/07\/1Saxewan.jpg","thumbnail_width":781,"thumbnail_height":439,"description":"Irak Parlamentosu Ba\u015fkan Yard\u0131mc\u0131s\u0131 KDP&#8217;li vekil\u00a0 \u015eaxewan Abdullah, Kerk\u00fck \u0130l Meclisi toplant\u0131s\u0131n\u0131n ger\u00e7ekle\u015ftirildi\u011fi belirterek, Kerk\u00fck\u2019e bir K\u00fcrt valinin atanaca\u011f\u0131n\u0131 s\u00f6yledi. \u015eaxewan Abdullah, bas\u0131n mensuplar\u0131na yapt\u0131\u011f\u0131 a\u00e7\u0131klamada, \u201cKerk\u00fck&#8217;te y\u00f6netim yeniden d\u00fczenlenecek, bir\u00e7ok ki\u015fi il meclisi se\u00e7imlerinin yap\u0131lmayaca\u011f\u0131n\u0131 d\u00fc\u015f\u00fcn\u00fcyordu ama yap\u0131ld\u0131. Bu Kerk\u00fck halk\u0131 i\u00e7in hayr\u0131n ve mutlulu\u011fun ba\u015flang\u0131c\u0131d\u0131r.\u201d dedi. \u201cYak\u0131n gelecekte ger\u00e7ekle\u015fecek de\u011fi\u015fikliklere y\u00f6nelik il meclisinin [&hellip;]"}

KDP Kerkük'te Kürt vali atanması konusunda kararlı - Darka Mazi

<blockquote class="darka-embedded-content" data-secret="9sGANPru3F"><a href="https://darkamazi.site/archives/1030255">KDP Kerkük&#8217;te Kürt vali atanması konusunda kararlı</a></blockquote><iframe sandbox="allow-scripts" security="restricted" src="https://darkamazi.site/archives/1030255/embed#?secret=9sGANPru3F" width="600" height="338" title="&#8220;KDP Kerkük&#8217;te Kürt vali atanması konusunda kararlı&#8221; &#8212; Darka Mazi" data-secret="9sGANPru3F" frameborder="0" marginwidth="0" marginheight="0" scrolling="no" class="darka-embedded-content"></iframe><script>
/*! This file is auto-generated */
!function(d,l){"use strict";l.querySelector&&d.addEventListener&&"undefined"!=typeof URL&&(d.wp=d.wp||{},d.wp.receiveEmbedMessage||(d.wp.receiveEmbedMessage=function(e){var t=e.data;if((t||t.secret||t.message||t.value)&&!/[^a-zA-Z0-9]/.test(t.secret)){for(var s,r,n,a=l.querySelectorAll('iframe[data-secret="'+t.secret+'"]'),o=l.querySelectorAll('blockquote[data-secret="'+t.secret+'"]'),c=new RegExp("^https?:$","i"),i=0;i<o.length;i++)o[i].style.display="none";for(i=0;i<a.length;i++)s=a[i],e.source===s.contentWindow&&(s.removeAttribute("style"),"height"===t.message?(1e3<(r=parseInt(t.value,10))?r=1e3:~~r<200&&(r=200),s.height=r):"link"===t.message&&(r=new URL(s.getAttribute("src")),n=new URL(t.value),c.test(n.protocol))&&n.host===r.host&&l.activeElement===s&&(d.top.location.href=t.value))}},d.addEventListener("message",d.wp.receiveEmbedMessage,!1),l.addEventListener("DOMContentLoaded",function(){for(var e,t,s=l.querySelectorAll("iframe.darka-embedded-content"),r=0;r<s.length;r++)(t=(e=s[r]).getAttribute("data-secret"))||(t=Math.random().toString(36).substring(2,12),e.src+="#?secret="+t,e.setAttribute("data-secret",t)),e.contentWindow.postMessage({message:"ready",secret:t},"*")},!1)))}(window,document);
//# sourceURL=https://darkamazi.site/other/js/wp-embed.min.js
</script>

Irak Parlamentosu Başkan Yardımcısı KDP&#8217;li vekil  Şaxewan Abdullah, Kerkük İl Meclisi toplantısının gerçekleştirildiği belirterek, Kerkük’e bir Kürt valinin atanacağını söyledi. Şaxewan Abdullah, basın mensuplarına yaptığı açıklamada, “Kerkük&#8217;te yönetim yeniden düzenlenecek, birçok kişi il meclisi seçimlerinin yapılmayacağını düşünüyordu ama yapıldı. Bu Kerkük halkı için hayrın ve mutluluğun başlangıcıdır.” dedi. “Yakın gelecekte gerçekleşecek değişikliklere yönelik il meclisinin [&hellip;]
