{"version":"1.0","provider_name":"Darka Mazi","provider_url":"https:\/\/darkamazi.site","title":"Irak ve K\u00fcrdistan n\u00fcfus say\u0131m\u0131: 122 ya\u015f\u0131ndaki ki\u015fi n\u00fcfus say\u0131m\u0131nda tespit edildi - Darka Mazi","type":"rich","width":600,"height":338,"html":"<blockquote class=\"darka-embedded-content\" data-secret=\"fq4U7GC1F1\"><a href=\"https:\/\/darkamazi.site\/archives\/1031877\">Irak ve K\u00fcrdistan n\u00fcfus say\u0131m\u0131: 122 ya\u015f\u0131ndaki ki\u015fi n\u00fcfus say\u0131m\u0131nda tespit edildi<\/a><\/blockquote><iframe sandbox=\"allow-scripts\" security=\"restricted\" src=\"https:\/\/darkamazi.site\/archives\/1031877\/embed#?secret=fq4U7GC1F1\" width=\"600\" height=\"338\" title=\"&#8220;Irak ve K\u00fcrdistan n\u00fcfus say\u0131m\u0131: 122 ya\u015f\u0131ndaki ki\u015fi n\u00fcfus say\u0131m\u0131nda tespit edildi&#8221; &#8212; Darka Mazi\" data-secret=\"fq4U7GC1F1\" frameborder=\"0\" marginwidth=\"0\" marginheight=\"0\" scrolling=\"no\" class=\"darka-embedded-content\"><\/iframe><script>\n\/*! This file is auto-generated *\/\n!function(d,l){\"use strict\";l.querySelector&&d.addEventListener&&\"undefined\"!=typeof URL&&(d.wp=d.wp||{},d.wp.receiveEmbedMessage||(d.wp.receiveEmbedMessage=function(e){var t=e.data;if((t||t.secret||t.message||t.value)&&!\/[^a-zA-Z0-9]\/.test(t.secret)){for(var s,r,n,a=l.querySelectorAll('iframe[data-secret=\"'+t.secret+'\"]'),o=l.querySelectorAll('blockquote[data-secret=\"'+t.secret+'\"]'),c=new RegExp(\"^https?:$\",\"i\"),i=0;i<o.length;i++)o[i].style.display=\"none\";for(i=0;i<a.length;i++)s=a[i],e.source===s.contentWindow&&(s.removeAttribute(\"style\"),\"height\"===t.message?(1e3<(r=parseInt(t.value,10))?r=1e3:~~r<200&&(r=200),s.height=r):\"link\"===t.message&&(r=new URL(s.getAttribute(\"src\")),n=new URL(t.value),c.test(n.protocol))&&n.host===r.host&&l.activeElement===s&&(d.top.location.href=t.value))}},d.addEventListener(\"message\",d.wp.receiveEmbedMessage,!1),l.addEventListener(\"DOMContentLoaded\",function(){for(var e,t,s=l.querySelectorAll(\"iframe.darka-embedded-content\"),r=0;r<s.length;r++)(t=(e=s[r]).getAttribute(\"data-secret\"))||(t=Math.random().toString(36).substring(2,12),e.src+=\"#?secret=\"+t,e.setAttribute(\"data-secret\",t)),e.contentWindow.postMessage({message:\"ready\",secret:t},\"*\")},!1)))}(window,document);\n\/\/# sourceURL=https:\/\/darkamazi.site\/other\/js\/wp-embed.min.js\n<\/script>\n","thumbnail_url":"https:\/\/darkamazi.site\/file\/2024\/11\/En-yasli-kadin.jpg","thumbnail_width":710,"thumbnail_height":418,"description":"Irak&#8217;ta ya\u015fayanlar\u0131n genel n\u00fcfus say\u0131m\u0131 s\u00fcreci devam ediyor ve bu s\u00fcre\u00e7te Telefer halk\u0131n\u0131n en ya\u015fl\u0131 kad\u0131n\u0131 kay\u0131t alt\u0131na al\u0131nd\u0131. Ninewa eyaletinin Telafer il\u00e7esindeki n\u00fcfus say\u0131m\u0131 ekibi, 1902 do\u011fumlu, 122 ya\u015f\u0131ndaki Irak&#8217;\u0131n en ya\u015fl\u0131 insan\u0131 Am\u015fe isimli ya\u015fl\u0131 kad\u0131n\u0131n ad\u0131n\u0131 kaydetti. Irak medyas\u0131, onun Telafer il\u00e7esi sakini oldu\u011funu ve \u015fu anda n\u00fcfus say\u0131m\u0131 s\u00fcrecinde Irak&#8217;ta kay\u0131tl\u0131 [&hellip;]"}

Irak ve Kürdistan nüfus sayımı: 122 yaşındaki kişi nüfus sayımında tespit edildi - Darka Mazi

<blockquote class="darka-embedded-content" data-secret="fq4U7GC1F1"><a href="https://darkamazi.site/archives/1031877">Irak ve Kürdistan nüfus sayımı: 122 yaşındaki kişi nüfus sayımında tespit edildi</a></blockquote><iframe sandbox="allow-scripts" security="restricted" src="https://darkamazi.site/archives/1031877/embed#?secret=fq4U7GC1F1" width="600" height="338" title="&#8220;Irak ve Kürdistan nüfus sayımı: 122 yaşındaki kişi nüfus sayımında tespit edildi&#8221; &#8212; Darka Mazi" data-secret="fq4U7GC1F1" frameborder="0" marginwidth="0" marginheight="0" scrolling="no" class="darka-embedded-content"></iframe><script>
/*! This file is auto-generated */
!function(d,l){"use strict";l.querySelector&&d.addEventListener&&"undefined"!=typeof URL&&(d.wp=d.wp||{},d.wp.receiveEmbedMessage||(d.wp.receiveEmbedMessage=function(e){var t=e.data;if((t||t.secret||t.message||t.value)&&!/[^a-zA-Z0-9]/.test(t.secret)){for(var s,r,n,a=l.querySelectorAll('iframe[data-secret="'+t.secret+'"]'),o=l.querySelectorAll('blockquote[data-secret="'+t.secret+'"]'),c=new RegExp("^https?:$","i"),i=0;i<o.length;i++)o[i].style.display="none";for(i=0;i<a.length;i++)s=a[i],e.source===s.contentWindow&&(s.removeAttribute("style"),"height"===t.message?(1e3<(r=parseInt(t.value,10))?r=1e3:~~r<200&&(r=200),s.height=r):"link"===t.message&&(r=new URL(s.getAttribute("src")),n=new URL(t.value),c.test(n.protocol))&&n.host===r.host&&l.activeElement===s&&(d.top.location.href=t.value))}},d.addEventListener("message",d.wp.receiveEmbedMessage,!1),l.addEventListener("DOMContentLoaded",function(){for(var e,t,s=l.querySelectorAll("iframe.darka-embedded-content"),r=0;r<s.length;r++)(t=(e=s[r]).getAttribute("data-secret"))||(t=Math.random().toString(36).substring(2,12),e.src+="#?secret="+t,e.setAttribute("data-secret",t)),e.contentWindow.postMessage({message:"ready",secret:t},"*")},!1)))}(window,document);
//# sourceURL=https://darkamazi.site/other/js/wp-embed.min.js
</script>

Irak&#8217;ta yaşayanların genel nüfus sayımı süreci devam ediyor ve bu süreçte Telefer halkının en yaşlı kadını kayıt altına alındı. Ninewa eyaletinin Telafer ilçesindeki nüfus sayımı ekibi, 1902 doğumlu, 122 yaşındaki Irak&#8217;ın en yaşlı insanı Amşe isimli yaşlı kadının adını kaydetti. Irak medyası, onun Telafer ilçesi sakini olduğunu ve şu anda nüfus sayımı sürecinde Irak&#8217;ta kayıtlı [&hellip;]
