{"version":"1.0","provider_name":"Darka Mazi","provider_url":"https:\/\/darkamazi.site","title":"\u00d6zel: Erdo\u011fan\u2019\u0131n siyasi gelece\u011fi ile \u00d6calan\u2019\u0131n \u00f6zg\u00fcrl\u00fc\u011f\u00fcn\u00fcn takas edilece\u011fi bir oyunun par\u00e7as\u0131 olmam - Darka Mazi","type":"rich","width":600,"height":338,"html":"<blockquote class=\"darka-embedded-content\" data-secret=\"RDRwrDBL1W\"><a href=\"https:\/\/darkamazi.site\/archives\/1032540\">\u00d6zel: Erdo\u011fan\u2019\u0131n siyasi gelece\u011fi ile \u00d6calan\u2019\u0131n \u00f6zg\u00fcrl\u00fc\u011f\u00fcn\u00fcn takas edilece\u011fi bir oyunun par\u00e7as\u0131 olmam<\/a><\/blockquote><iframe sandbox=\"allow-scripts\" security=\"restricted\" src=\"https:\/\/darkamazi.site\/archives\/1032540\/embed#?secret=RDRwrDBL1W\" width=\"600\" height=\"338\" title=\"&#8220;\u00d6zel: Erdo\u011fan\u2019\u0131n siyasi gelece\u011fi ile \u00d6calan\u2019\u0131n \u00f6zg\u00fcrl\u00fc\u011f\u00fcn\u00fcn takas edilece\u011fi bir oyunun par\u00e7as\u0131 olmam&#8221; &#8212; Darka Mazi\" data-secret=\"RDRwrDBL1W\" frameborder=\"0\" marginwidth=\"0\" marginheight=\"0\" scrolling=\"no\" class=\"darka-embedded-content\"><\/iframe><script>\n\/*! This file is auto-generated *\/\n!function(d,l){\"use strict\";l.querySelector&&d.addEventListener&&\"undefined\"!=typeof URL&&(d.wp=d.wp||{},d.wp.receiveEmbedMessage||(d.wp.receiveEmbedMessage=function(e){var t=e.data;if((t||t.secret||t.message||t.value)&&!\/[^a-zA-Z0-9]\/.test(t.secret)){for(var s,r,n,a=l.querySelectorAll('iframe[data-secret=\"'+t.secret+'\"]'),o=l.querySelectorAll('blockquote[data-secret=\"'+t.secret+'\"]'),c=new RegExp(\"^https?:$\",\"i\"),i=0;i<o.length;i++)o[i].style.display=\"none\";for(i=0;i<a.length;i++)s=a[i],e.source===s.contentWindow&&(s.removeAttribute(\"style\"),\"height\"===t.message?(1e3<(r=parseInt(t.value,10))?r=1e3:~~r<200&&(r=200),s.height=r):\"link\"===t.message&&(r=new URL(s.getAttribute(\"src\")),n=new URL(t.value),c.test(n.protocol))&&n.host===r.host&&l.activeElement===s&&(d.top.location.href=t.value))}},d.addEventListener(\"message\",d.wp.receiveEmbedMessage,!1),l.addEventListener(\"DOMContentLoaded\",function(){for(var e,t,s=l.querySelectorAll(\"iframe.darka-embedded-content\"),r=0;r<s.length;r++)(t=(e=s[r]).getAttribute(\"data-secret\"))||(t=Math.random().toString(36).substring(2,12),e.src+=\"#?secret=\"+t,e.setAttribute(\"data-secret\",t)),e.contentWindow.postMessage({message:\"ready\",secret:t},\"*\")},!1)))}(window,document);\n\/\/# sourceURL=https:\/\/darkamazi.site\/other\/js\/wp-embed.min.js\n<\/script>\n","thumbnail_url":"https:\/\/darkamazi.site\/file\/2025\/01\/ozel.jpg","thumbnail_width":900,"thumbnail_height":497,"description":"Cumhuriyet Halk Partisi (CHP) Genel Ba\u015fkan\u0131 \u00d6zg\u00fcr \u00d6zel, &#8220;Erdo\u011fan\u2019\u0131n siyasi gelece\u011fi ile \u00d6calan\u2019\u0131n \u00f6zg\u00fcrl\u00fc\u011f\u00fcn\u00fcn takas edilece\u011fi bir oyunun par\u00e7as\u0131 olmam.&#8221; dedi. CHP lideri \u00d6zel, 10 Ocak \u00c7al\u0131\u015fan Gazeteciler G\u00fcn\u00fc nedeniyle \u0130zmir Konak&#8217;taki Tarihi Havagaz\u0131 Merkezinde gazetecilerle topland\u0131. Toplant\u0131da T\u00fcrkiye&#8217;de yeni bar\u0131\u015f s\u00fcreciyle ilgili a\u00e7\u0131klamalar yapt\u0131. Yeni \u00e7\u00f6z\u00fcm s\u00fcreci hakk\u0131nda de\u011ferlendirmelerde bulunan \u00d6zg\u00fcr \u00d6zel, \u201cBen bir [&hellip;]"}

Özel: Erdoğan’ın siyasi geleceği ile Öcalan’ın özgürlüğünün takas edileceği bir oyunun parçası olmam - Darka Mazi

<blockquote class="darka-embedded-content" data-secret="RDRwrDBL1W"><a href="https://darkamazi.site/archives/1032540">Özel: Erdoğan’ın siyasi geleceği ile Öcalan’ın özgürlüğünün takas edileceği bir oyunun parçası olmam</a></blockquote><iframe sandbox="allow-scripts" security="restricted" src="https://darkamazi.site/archives/1032540/embed#?secret=RDRwrDBL1W" width="600" height="338" title="&#8220;Özel: Erdoğan’ın siyasi geleceği ile Öcalan’ın özgürlüğünün takas edileceği bir oyunun parçası olmam&#8221; &#8212; Darka Mazi" data-secret="RDRwrDBL1W" frameborder="0" marginwidth="0" marginheight="0" scrolling="no" class="darka-embedded-content"></iframe><script>
/*! This file is auto-generated */
!function(d,l){"use strict";l.querySelector&&d.addEventListener&&"undefined"!=typeof URL&&(d.wp=d.wp||{},d.wp.receiveEmbedMessage||(d.wp.receiveEmbedMessage=function(e){var t=e.data;if((t||t.secret||t.message||t.value)&&!/[^a-zA-Z0-9]/.test(t.secret)){for(var s,r,n,a=l.querySelectorAll('iframe[data-secret="'+t.secret+'"]'),o=l.querySelectorAll('blockquote[data-secret="'+t.secret+'"]'),c=new RegExp("^https?:$","i"),i=0;i<o.length;i++)o[i].style.display="none";for(i=0;i<a.length;i++)s=a[i],e.source===s.contentWindow&&(s.removeAttribute("style"),"height"===t.message?(1e3<(r=parseInt(t.value,10))?r=1e3:~~r<200&&(r=200),s.height=r):"link"===t.message&&(r=new URL(s.getAttribute("src")),n=new URL(t.value),c.test(n.protocol))&&n.host===r.host&&l.activeElement===s&&(d.top.location.href=t.value))}},d.addEventListener("message",d.wp.receiveEmbedMessage,!1),l.addEventListener("DOMContentLoaded",function(){for(var e,t,s=l.querySelectorAll("iframe.darka-embedded-content"),r=0;r<s.length;r++)(t=(e=s[r]).getAttribute("data-secret"))||(t=Math.random().toString(36).substring(2,12),e.src+="#?secret="+t,e.setAttribute("data-secret",t)),e.contentWindow.postMessage({message:"ready",secret:t},"*")},!1)))}(window,document);
//# sourceURL=https://darkamazi.site/other/js/wp-embed.min.js
</script>

Cumhuriyet Halk Partisi (CHP) Genel Başkanı Özgür Özel, &#8220;Erdoğan’ın siyasi geleceği ile Öcalan’ın özgürlüğünün takas edileceği bir oyunun parçası olmam.&#8221; dedi. CHP lideri Özel, 10 Ocak Çalışan Gazeteciler Günü nedeniyle İzmir Konak&#8217;taki Tarihi Havagazı Merkezinde gazetecilerle toplandı. Toplantıda Türkiye&#8217;de yeni barış süreciyle ilgili açıklamalar yaptı. Yeni çözüm süreci hakkında değerlendirmelerde bulunan Özgür Özel, “Ben bir [&hellip;]
