{"version":"1.0","provider_name":"Darka Mazi","provider_url":"https:\/\/darkamazi.site","title":"Z\u00eelan Akadem\u00ee, Bube Eser'in Enfal Katliam\u0131 \u00fczerine yaz\u0131lm\u0131\u015f tiyatro metnini yay\u0131nlad\u0131: \"Kara Tarih: Enfal\" - Darka Mazi","type":"rich","width":600,"height":338,"html":"<blockquote class=\"darka-embedded-content\" data-secret=\"BOhhBLEDiG\"><a href=\"https:\/\/darkamazi.site\/archives\/1034227\">Z\u00eelan Akadem\u00ee, Bube Eser&#8217;in  Enfal Katliam\u0131 \u00fczerine yaz\u0131lm\u0131\u015f tiyatro metnini yay\u0131nlad\u0131: &#8220;Kara Tarih: Enfal&#8221;<\/a><\/blockquote><iframe sandbox=\"allow-scripts\" security=\"restricted\" src=\"https:\/\/darkamazi.site\/archives\/1034227\/embed#?secret=BOhhBLEDiG\" width=\"600\" height=\"338\" title=\"&#8220;Z\u00eelan Akadem\u00ee, Bube Eser&#8217;in  Enfal Katliam\u0131 \u00fczerine yaz\u0131lm\u0131\u015f tiyatro metnini yay\u0131nlad\u0131: &#8220;Kara Tarih: Enfal&#8221;&#8221; &#8212; Darka Mazi\" data-secret=\"BOhhBLEDiG\" frameborder=\"0\" marginwidth=\"0\" marginheight=\"0\" scrolling=\"no\" class=\"darka-embedded-content\"><\/iframe><script>\n\/*! This file is auto-generated *\/\n!function(d,l){\"use strict\";l.querySelector&&d.addEventListener&&\"undefined\"!=typeof URL&&(d.wp=d.wp||{},d.wp.receiveEmbedMessage||(d.wp.receiveEmbedMessage=function(e){var t=e.data;if((t||t.secret||t.message||t.value)&&!\/[^a-zA-Z0-9]\/.test(t.secret)){for(var s,r,n,a=l.querySelectorAll('iframe[data-secret=\"'+t.secret+'\"]'),o=l.querySelectorAll('blockquote[data-secret=\"'+t.secret+'\"]'),c=new RegExp(\"^https?:$\",\"i\"),i=0;i<o.length;i++)o[i].style.display=\"none\";for(i=0;i<a.length;i++)s=a[i],e.source===s.contentWindow&&(s.removeAttribute(\"style\"),\"height\"===t.message?(1e3<(r=parseInt(t.value,10))?r=1e3:~~r<200&&(r=200),s.height=r):\"link\"===t.message&&(r=new URL(s.getAttribute(\"src\")),n=new URL(t.value),c.test(n.protocol))&&n.host===r.host&&l.activeElement===s&&(d.top.location.href=t.value))}},d.addEventListener(\"message\",d.wp.receiveEmbedMessage,!1),l.addEventListener(\"DOMContentLoaded\",function(){for(var e,t,s=l.querySelectorAll(\"iframe.darka-embedded-content\"),r=0;r<s.length;r++)(t=(e=s[r]).getAttribute(\"data-secret\"))||(t=Math.random().toString(36).substring(2,12),e.src+=\"#?secret=\"+t,e.setAttribute(\"data-secret\",t)),e.contentWindow.postMessage({message:\"ready\",secret:t},\"*\")},!1)))}(window,document);\n\/\/# sourceURL=https:\/\/darkamazi.site\/other\/js\/wp-embed.min.js\n<\/script>\n","thumbnail_url":"https:\/\/darkamazi.site\/file\/2025\/06\/Bube-Eser.jpg","thumbnail_width":752,"thumbnail_height":472,"description":"K\u00fcrt yay\u0131nc\u0131l\u0131\u011f\u0131n\u0131n \u00f6nemli adreslerinden Z\u00eelan Akadem\u00ee Yay\u0131nlar\u0131, ara\u015ft\u0131rmac\u0131-yazar B\u00fbb\u00ea Eser imzas\u0131n\u0131 ta\u015f\u0131yan \u201cKara Tarih: Enfal\u201d adl\u0131 tiyatro metninin T\u00fcrk\u00e7esini yay\u0131mlad\u0131. Enfal Katliam\u0131\u2019n\u0131 sahne diliyle anlatan eser, K\u00fcrt edebiyat\u0131nda bu alanda yaz\u0131lm\u0131\u015f ilk tiyatro oyunu olma \u00f6zelli\u011fini ta\u015f\u0131yor. B\u00fbb\u00ea Eser\u2019in kaleminden \u201cKara Tarih: Enfal\u201d, K\u00fcrt halk\u0131na y\u00f6nelik en a\u011f\u0131r trajedilerden biri olan Enfal\u2019in, ilk kez tiyatro [&hellip;]"}

Zîlan Akademî, Bube Eser'in Enfal Katliamı üzerine yazılmış tiyatro metnini yayınladı: "Kara Tarih: Enfal" - Darka Mazi

<blockquote class="darka-embedded-content" data-secret="BOhhBLEDiG"><a href="https://darkamazi.site/archives/1034227">Zîlan Akademî, Bube Eser&#8217;in  Enfal Katliamı üzerine yazılmış tiyatro metnini yayınladı: &#8220;Kara Tarih: Enfal&#8221;</a></blockquote><iframe sandbox="allow-scripts" security="restricted" src="https://darkamazi.site/archives/1034227/embed#?secret=BOhhBLEDiG" width="600" height="338" title="&#8220;Zîlan Akademî, Bube Eser&#8217;in  Enfal Katliamı üzerine yazılmış tiyatro metnini yayınladı: &#8220;Kara Tarih: Enfal&#8221;&#8221; &#8212; Darka Mazi" data-secret="BOhhBLEDiG" frameborder="0" marginwidth="0" marginheight="0" scrolling="no" class="darka-embedded-content"></iframe><script>
/*! This file is auto-generated */
!function(d,l){"use strict";l.querySelector&&d.addEventListener&&"undefined"!=typeof URL&&(d.wp=d.wp||{},d.wp.receiveEmbedMessage||(d.wp.receiveEmbedMessage=function(e){var t=e.data;if((t||t.secret||t.message||t.value)&&!/[^a-zA-Z0-9]/.test(t.secret)){for(var s,r,n,a=l.querySelectorAll('iframe[data-secret="'+t.secret+'"]'),o=l.querySelectorAll('blockquote[data-secret="'+t.secret+'"]'),c=new RegExp("^https?:$","i"),i=0;i<o.length;i++)o[i].style.display="none";for(i=0;i<a.length;i++)s=a[i],e.source===s.contentWindow&&(s.removeAttribute("style"),"height"===t.message?(1e3<(r=parseInt(t.value,10))?r=1e3:~~r<200&&(r=200),s.height=r):"link"===t.message&&(r=new URL(s.getAttribute("src")),n=new URL(t.value),c.test(n.protocol))&&n.host===r.host&&l.activeElement===s&&(d.top.location.href=t.value))}},d.addEventListener("message",d.wp.receiveEmbedMessage,!1),l.addEventListener("DOMContentLoaded",function(){for(var e,t,s=l.querySelectorAll("iframe.darka-embedded-content"),r=0;r<s.length;r++)(t=(e=s[r]).getAttribute("data-secret"))||(t=Math.random().toString(36).substring(2,12),e.src+="#?secret="+t,e.setAttribute("data-secret",t)),e.contentWindow.postMessage({message:"ready",secret:t},"*")},!1)))}(window,document);
//# sourceURL=https://darkamazi.site/other/js/wp-embed.min.js
</script>

Kürt yayıncılığının önemli adreslerinden Zîlan Akademî Yayınları, araştırmacı-yazar Bûbê Eser imzasını taşıyan “Kara Tarih: Enfal” adlı tiyatro metninin Türkçesini yayımladı. Enfal Katliamı’nı sahne diliyle anlatan eser, Kürt edebiyatında bu alanda yazılmış ilk tiyatro oyunu olma özelliğini taşıyor. Bûbê Eser’in kaleminden “Kara Tarih: Enfal”, Kürt halkına yönelik en ağır trajedilerden biri olan Enfal’in, ilk kez tiyatro [&hellip;]
