{"version":"1.0","provider_name":"Darka Mazi","provider_url":"https:\/\/darkamazi.site","title":"Esad \u015eeybani'den Rojava ile ilgili dikkat \u00e7eken a\u00e7\u0131klama: DSG \u00fcyeleri i\u00e7in Ankara ile bir \"af mekanizmas\u0131\" \u00e7al\u0131\u015f\u0131yoruz - Darka Mazi","type":"rich","width":600,"height":338,"html":"<blockquote class=\"darka-embedded-content\" data-secret=\"lTvLLxrpyn\"><a href=\"https:\/\/darkamazi.site\/archives\/1035758\">Esad \u015eeybani&#8217;den Rojava ile  ilgili dikkat \u00e7eken a\u00e7\u0131klama: DSG \u00fcyeleri i\u00e7in Ankara ile bir &#8220;af mekanizmas\u0131&#8221; \u00e7al\u0131\u015f\u0131yoruz<\/a><\/blockquote><iframe sandbox=\"allow-scripts\" security=\"restricted\" src=\"https:\/\/darkamazi.site\/archives\/1035758\/embed#?secret=lTvLLxrpyn\" width=\"600\" height=\"338\" title=\"&#8220;Esad \u015eeybani&#8217;den Rojava ile  ilgili dikkat \u00e7eken a\u00e7\u0131klama: DSG \u00fcyeleri i\u00e7in Ankara ile bir &#8220;af mekanizmas\u0131&#8221; \u00e7al\u0131\u015f\u0131yoruz&#8221; &#8212; Darka Mazi\" data-secret=\"lTvLLxrpyn\" frameborder=\"0\" marginwidth=\"0\" marginheight=\"0\" scrolling=\"no\" class=\"darka-embedded-content\"><\/iframe><script>\n\/*! This file is auto-generated *\/\n!function(d,l){\"use strict\";l.querySelector&&d.addEventListener&&\"undefined\"!=typeof URL&&(d.wp=d.wp||{},d.wp.receiveEmbedMessage||(d.wp.receiveEmbedMessage=function(e){var t=e.data;if((t||t.secret||t.message||t.value)&&!\/[^a-zA-Z0-9]\/.test(t.secret)){for(var s,r,n,a=l.querySelectorAll('iframe[data-secret=\"'+t.secret+'\"]'),o=l.querySelectorAll('blockquote[data-secret=\"'+t.secret+'\"]'),c=new RegExp(\"^https?:$\",\"i\"),i=0;i<o.length;i++)o[i].style.display=\"none\";for(i=0;i<a.length;i++)s=a[i],e.source===s.contentWindow&&(s.removeAttribute(\"style\"),\"height\"===t.message?(1e3<(r=parseInt(t.value,10))?r=1e3:~~r<200&&(r=200),s.height=r):\"link\"===t.message&&(r=new URL(s.getAttribute(\"src\")),n=new URL(t.value),c.test(n.protocol))&&n.host===r.host&&l.activeElement===s&&(d.top.location.href=t.value))}},d.addEventListener(\"message\",d.wp.receiveEmbedMessage,!1),l.addEventListener(\"DOMContentLoaded\",function(){for(var e,t,s=l.querySelectorAll(\"iframe.darka-embedded-content\"),r=0;r<s.length;r++)(t=(e=s[r]).getAttribute(\"data-secret\"))||(t=Math.random().toString(36).substring(2,12),e.src+=\"#?secret=\"+t,e.setAttribute(\"data-secret\",t)),e.contentWindow.postMessage({message:\"ready\",secret:t},\"*\")},!1)))}(window,document);\n\/\/# sourceURL=https:\/\/darkamazi.site\/other\/js\/wp-embed.min.js\n<\/script>\n","thumbnail_url":"https:\/\/darkamazi.site\/file\/2025\/11\/Seybani.jpg","thumbnail_width":1500,"thumbnail_height":945,"description":"\u00a0Suriye D\u0131\u015fi\u015fleri Bakan\u0131 Esad \u015eeybani, \u015eam y\u00f6netiminin &#8220;blok siyasetini&#8221; terk etti\u011fini s\u00f6yledi. Cumhurba\u015fkan\u0131 Ahmed \u015eara\u2019n\u0131n Beyaz Saray ziyaretinin perde arkas\u0131n\u0131 anlatan \u015eeybani, T\u00fcrkiye ve ABD\u2019nin DSG konusunda tarihte ilk kez anla\u015ft\u0131\u011f\u0131n\u0131 duyurdu. \u015eeybani, DSG \u00fcyeleri i\u00e7in Ankara ile bir &#8220;af mekanizmas\u0131&#8221; \u00fczerinde \u00e7al\u0131\u015ft\u0131klar\u0131n\u0131 a\u00e7\u0131klad\u0131. Suudi Arabistan&#8217;a ait \u0130ngiltere merkezli Al Majalla dergisinde yay\u0131mlanan r\u00f6portaj\u0131n ikinci [&hellip;]"}

Esad Şeybani'den Rojava ile ilgili dikkat çeken açıklama: DSG üyeleri için Ankara ile bir "af mekanizması" çalışıyoruz - Darka Mazi

<blockquote class="darka-embedded-content" data-secret="lTvLLxrpyn"><a href="https://darkamazi.site/archives/1035758">Esad Şeybani&#8217;den Rojava ile  ilgili dikkat çeken açıklama: DSG üyeleri için Ankara ile bir &#8220;af mekanizması&#8221; çalışıyoruz</a></blockquote><iframe sandbox="allow-scripts" security="restricted" src="https://darkamazi.site/archives/1035758/embed#?secret=lTvLLxrpyn" width="600" height="338" title="&#8220;Esad Şeybani&#8217;den Rojava ile  ilgili dikkat çeken açıklama: DSG üyeleri için Ankara ile bir &#8220;af mekanizması&#8221; çalışıyoruz&#8221; &#8212; Darka Mazi" data-secret="lTvLLxrpyn" frameborder="0" marginwidth="0" marginheight="0" scrolling="no" class="darka-embedded-content"></iframe><script>
/*! This file is auto-generated */
!function(d,l){"use strict";l.querySelector&&d.addEventListener&&"undefined"!=typeof URL&&(d.wp=d.wp||{},d.wp.receiveEmbedMessage||(d.wp.receiveEmbedMessage=function(e){var t=e.data;if((t||t.secret||t.message||t.value)&&!/[^a-zA-Z0-9]/.test(t.secret)){for(var s,r,n,a=l.querySelectorAll('iframe[data-secret="'+t.secret+'"]'),o=l.querySelectorAll('blockquote[data-secret="'+t.secret+'"]'),c=new RegExp("^https?:$","i"),i=0;i<o.length;i++)o[i].style.display="none";for(i=0;i<a.length;i++)s=a[i],e.source===s.contentWindow&&(s.removeAttribute("style"),"height"===t.message?(1e3<(r=parseInt(t.value,10))?r=1e3:~~r<200&&(r=200),s.height=r):"link"===t.message&&(r=new URL(s.getAttribute("src")),n=new URL(t.value),c.test(n.protocol))&&n.host===r.host&&l.activeElement===s&&(d.top.location.href=t.value))}},d.addEventListener("message",d.wp.receiveEmbedMessage,!1),l.addEventListener("DOMContentLoaded",function(){for(var e,t,s=l.querySelectorAll("iframe.darka-embedded-content"),r=0;r<s.length;r++)(t=(e=s[r]).getAttribute("data-secret"))||(t=Math.random().toString(36).substring(2,12),e.src+="#?secret="+t,e.setAttribute("data-secret",t)),e.contentWindow.postMessage({message:"ready",secret:t},"*")},!1)))}(window,document);
//# sourceURL=https://darkamazi.site/other/js/wp-embed.min.js
</script>

Suriye Dışişleri Bakanı Esad Şeybani, Şam yönetiminin &#8220;blok siyasetini&#8221; terk ettiğini söyledi. Cumhurbaşkanı Ahmed Şara’nın Beyaz Saray ziyaretinin perde arkasını anlatan Şeybani, Türkiye ve ABD’nin DSG konusunda tarihte ilk kez anlaştığını duyurdu. Şeybani, DSG üyeleri için Ankara ile bir &#8220;af mekanizması&#8221; üzerinde çalıştıklarını açıkladı. Suudi Arabistan&#8217;a ait İngiltere merkezli Al Majalla dergisinde yayımlanan röportajın ikinci [&hellip;]
