{"version":"1.0","provider_name":"Darka Mazi","provider_url":"https:\/\/darkamazi.site","title":"Irak\u2019ta kartlar yeniden da\u011f\u0131t\u0131l\u0131rken: Erbil yeni g\u00fc\u00e7 merkezi mi oluyor? - Darka Mazi","type":"rich","width":600,"height":338,"html":"<blockquote class=\"darka-embedded-content\" data-secret=\"9gmIDQ7eBd\"><a href=\"https:\/\/darkamazi.site\/archives\/1035821\">Irak\u2019ta kartlar yeniden da\u011f\u0131t\u0131l\u0131rken: Erbil yeni g\u00fc\u00e7 merkezi mi oluyor?<\/a><\/blockquote><iframe sandbox=\"allow-scripts\" security=\"restricted\" src=\"https:\/\/darkamazi.site\/archives\/1035821\/embed#?secret=9gmIDQ7eBd\" width=\"600\" height=\"338\" title=\"&#8220;Irak\u2019ta kartlar yeniden da\u011f\u0131t\u0131l\u0131rken: Erbil yeni g\u00fc\u00e7 merkezi mi oluyor?&#8221; &#8212; Darka Mazi\" data-secret=\"9gmIDQ7eBd\" frameborder=\"0\" marginwidth=\"0\" marginheight=\"0\" scrolling=\"no\" class=\"darka-embedded-content\"><\/iframe><script>\n\/*! This file is auto-generated *\/\n!function(d,l){\"use strict\";l.querySelector&&d.addEventListener&&\"undefined\"!=typeof URL&&(d.wp=d.wp||{},d.wp.receiveEmbedMessage||(d.wp.receiveEmbedMessage=function(e){var t=e.data;if((t||t.secret||t.message||t.value)&&!\/[^a-zA-Z0-9]\/.test(t.secret)){for(var s,r,n,a=l.querySelectorAll('iframe[data-secret=\"'+t.secret+'\"]'),o=l.querySelectorAll('blockquote[data-secret=\"'+t.secret+'\"]'),c=new RegExp(\"^https?:$\",\"i\"),i=0;i<o.length;i++)o[i].style.display=\"none\";for(i=0;i<a.length;i++)s=a[i],e.source===s.contentWindow&&(s.removeAttribute(\"style\"),\"height\"===t.message?(1e3<(r=parseInt(t.value,10))?r=1e3:~~r<200&&(r=200),s.height=r):\"link\"===t.message&&(r=new URL(s.getAttribute(\"src\")),n=new URL(t.value),c.test(n.protocol))&&n.host===r.host&&l.activeElement===s&&(d.top.location.href=t.value))}},d.addEventListener(\"message\",d.wp.receiveEmbedMessage,!1),l.addEventListener(\"DOMContentLoaded\",function(){for(var e,t,s=l.querySelectorAll(\"iframe.darka-embedded-content\"),r=0;r<s.length;r++)(t=(e=s[r]).getAttribute(\"data-secret\"))||(t=Math.random().toString(36).substring(2,12),e.src+=\"#?secret=\"+t,e.setAttribute(\"data-secret\",t)),e.contentWindow.postMessage({message:\"ready\",secret:t},\"*\")},!1)))}(window,document);\n\/\/# sourceURL=https:\/\/darkamazi.site\/other\/js\/wp-embed.min.js\n<\/script>\n","thumbnail_url":"https:\/\/darkamazi.site\/file\/2025\/12\/FsUxjKuXwAE0ZZq.jpg","thumbnail_width":1200,"thumbnail_height":514,"description":"Do\u011falgaz sahalar\u0131na y\u00f6nelik sald\u0131r\u0131lar, \u0130ran\u2013ABD gerilimi ve b\u00f6lgesel dengelerdeki h\u0131zl\u0131 de\u011fi\u015fim; Irak\u2019ta K\u00fcrdistan B\u00f6lgesi\u2019nin yeniden belirleyici bir siyasi g\u00fc\u00e7 olarak \u00f6ne \u00e7\u0131kt\u0131\u011f\u0131na i\u015faret ediyor. Erbil\u2019in rol\u00fc, Ba\u011fdat\u2019\u0131n ve b\u00f6lgenin gelece\u011fini belirleyebilir. Irak\u2019\u0131n Kor Mor do\u011falgaz sahas\u0131na yap\u0131lan son sald\u0131r\u0131 ve bunu izleyen yerel ile uluslararas\u0131 tepkiler, b\u00f6lgede g\u00f6z ard\u0131 edilemeyecek i\u015faretler verdi. Bu geli\u015fme, \u0130ran\u2019a [&hellip;]"}

Irak’ta kartlar yeniden dağıtılırken: Erbil yeni güç merkezi mi oluyor? - Darka Mazi

<blockquote class="darka-embedded-content" data-secret="9gmIDQ7eBd"><a href="https://darkamazi.site/archives/1035821">Irak’ta kartlar yeniden dağıtılırken: Erbil yeni güç merkezi mi oluyor?</a></blockquote><iframe sandbox="allow-scripts" security="restricted" src="https://darkamazi.site/archives/1035821/embed#?secret=9gmIDQ7eBd" width="600" height="338" title="&#8220;Irak’ta kartlar yeniden dağıtılırken: Erbil yeni güç merkezi mi oluyor?&#8221; &#8212; Darka Mazi" data-secret="9gmIDQ7eBd" frameborder="0" marginwidth="0" marginheight="0" scrolling="no" class="darka-embedded-content"></iframe><script>
/*! This file is auto-generated */
!function(d,l){"use strict";l.querySelector&&d.addEventListener&&"undefined"!=typeof URL&&(d.wp=d.wp||{},d.wp.receiveEmbedMessage||(d.wp.receiveEmbedMessage=function(e){var t=e.data;if((t||t.secret||t.message||t.value)&&!/[^a-zA-Z0-9]/.test(t.secret)){for(var s,r,n,a=l.querySelectorAll('iframe[data-secret="'+t.secret+'"]'),o=l.querySelectorAll('blockquote[data-secret="'+t.secret+'"]'),c=new RegExp("^https?:$","i"),i=0;i<o.length;i++)o[i].style.display="none";for(i=0;i<a.length;i++)s=a[i],e.source===s.contentWindow&&(s.removeAttribute("style"),"height"===t.message?(1e3<(r=parseInt(t.value,10))?r=1e3:~~r<200&&(r=200),s.height=r):"link"===t.message&&(r=new URL(s.getAttribute("src")),n=new URL(t.value),c.test(n.protocol))&&n.host===r.host&&l.activeElement===s&&(d.top.location.href=t.value))}},d.addEventListener("message",d.wp.receiveEmbedMessage,!1),l.addEventListener("DOMContentLoaded",function(){for(var e,t,s=l.querySelectorAll("iframe.darka-embedded-content"),r=0;r<s.length;r++)(t=(e=s[r]).getAttribute("data-secret"))||(t=Math.random().toString(36).substring(2,12),e.src+="#?secret="+t,e.setAttribute("data-secret",t)),e.contentWindow.postMessage({message:"ready",secret:t},"*")},!1)))}(window,document);
//# sourceURL=https://darkamazi.site/other/js/wp-embed.min.js
</script>

Doğalgaz sahalarına yönelik saldırılar, İran–ABD gerilimi ve bölgesel dengelerdeki hızlı değişim; Irak’ta Kürdistan Bölgesi’nin yeniden belirleyici bir siyasi güç olarak öne çıktığına işaret ediyor. Erbil’in rolü, Bağdat’ın ve bölgenin geleceğini belirleyebilir. Irak’ın Kor Mor doğalgaz sahasına yapılan son saldırı ve bunu izleyen yerel ile uluslararası tepkiler, bölgede göz ardı edilemeyecek işaretler verdi. Bu gelişme, İran’a [&hellip;]
