{"version":"1.0","provider_name":"Darka Mazi","provider_url":"https:\/\/darkamazi.site","title":"Cengiz \u00c7andar: Ba\u015fkan Barzani'nin mesajlar\u0131 K\u00fcrt Ulusal Birli\u011finin canlanmas\u0131n\u0131n temeli oldu - Darka Mazi","type":"rich","width":600,"height":338,"html":"<blockquote class=\"darka-embedded-content\" data-secret=\"3swghF2MWd\"><a href=\"https:\/\/darkamazi.site\/archives\/1035883\">Cengiz \u00c7andar: Ba\u015fkan Barzani&#8217;nin mesajlar\u0131 K\u00fcrt Ulusal Birli\u011finin canlanmas\u0131n\u0131n temeli oldu<\/a><\/blockquote><iframe sandbox=\"allow-scripts\" security=\"restricted\" src=\"https:\/\/darkamazi.site\/archives\/1035883\/embed#?secret=3swghF2MWd\" width=\"600\" height=\"338\" title=\"&#8220;Cengiz \u00c7andar: Ba\u015fkan Barzani&#8217;nin mesajlar\u0131 K\u00fcrt Ulusal Birli\u011finin canlanmas\u0131n\u0131n temeli oldu&#8221; &#8212; Darka Mazi\" data-secret=\"3swghF2MWd\" frameborder=\"0\" marginwidth=\"0\" marginheight=\"0\" scrolling=\"no\" class=\"darka-embedded-content\"><\/iframe><script>\n\/*! This file is auto-generated *\/\n!function(d,l){\"use strict\";l.querySelector&&d.addEventListener&&\"undefined\"!=typeof URL&&(d.wp=d.wp||{},d.wp.receiveEmbedMessage||(d.wp.receiveEmbedMessage=function(e){var t=e.data;if((t||t.secret||t.message||t.value)&&!\/[^a-zA-Z0-9]\/.test(t.secret)){for(var s,r,n,a=l.querySelectorAll('iframe[data-secret=\"'+t.secret+'\"]'),o=l.querySelectorAll('blockquote[data-secret=\"'+t.secret+'\"]'),c=new RegExp(\"^https?:$\",\"i\"),i=0;i<o.length;i++)o[i].style.display=\"none\";for(i=0;i<a.length;i++)s=a[i],e.source===s.contentWindow&&(s.removeAttribute(\"style\"),\"height\"===t.message?(1e3<(r=parseInt(t.value,10))?r=1e3:~~r<200&&(r=200),s.height=r):\"link\"===t.message&&(r=new URL(s.getAttribute(\"src\")),n=new URL(t.value),c.test(n.protocol))&&n.host===r.host&&l.activeElement===s&&(d.top.location.href=t.value))}},d.addEventListener(\"message\",d.wp.receiveEmbedMessage,!1),l.addEventListener(\"DOMContentLoaded\",function(){for(var e,t,s=l.querySelectorAll(\"iframe.darka-embedded-content\"),r=0;r<s.length;r++)(t=(e=s[r]).getAttribute(\"data-secret\"))||(t=Math.random().toString(36).substring(2,12),e.src+=\"#?secret=\"+t,e.setAttribute(\"data-secret\",t)),e.contentWindow.postMessage({message:\"ready\",secret:t},\"*\")},!1)))}(window,document);\n\/\/# sourceURL=https:\/\/darkamazi.site\/other\/js\/wp-embed.min.js\n<\/script>\n","thumbnail_url":"https:\/\/darkamazi.site\/file\/2025\/12\/candar.jpg","thumbnail_width":750,"thumbnail_height":430,"description":"Halklar\u0131n E\u015fitlik ve Demokrasi Partisi (DEM Parti) Diyarbak\u0131r Milletvekili Cengiz \u00c7andar, Ba\u015fkan Mesud Barzani&#8217;nin mesajlar\u0131n\u0131n ulusal birlik ruhunu canland\u0131rd\u0131\u011f\u0131n\u0131 ve K\u00fcrtlerin b\u00f6lgede bar\u0131\u015f\u0131n \u00f6nemli bir karakteri oldu\u011funu kan\u0131tlad\u0131\u011f\u0131n\u0131 vurgulad\u0131. Cengiz \u00c7andar, Kurdistan24&#8217;e verdi\u011fi r\u00f6portajda, \u0130stanbul&#8217;da d\u00fczenlenen Uluslararas\u0131 Bar\u0131\u015f ve Demokratik Toplum Konferans\u0131&#8217;n\u0131n \u00f6nemine dikkat \u00e7ekerek, bu konferans\u0131, ge\u00e7ti\u011fimiz ay Duhok&#8217;ta d\u00fczenlenen Orta Do\u011fu Bar\u0131\u015f ve [&hellip;]"}

Cengiz Çandar: Başkan Barzani'nin mesajları Kürt Ulusal Birliğinin canlanmasının temeli oldu - Darka Mazi

<blockquote class="darka-embedded-content" data-secret="3swghF2MWd"><a href="https://darkamazi.site/archives/1035883">Cengiz Çandar: Başkan Barzani&#8217;nin mesajları Kürt Ulusal Birliğinin canlanmasının temeli oldu</a></blockquote><iframe sandbox="allow-scripts" security="restricted" src="https://darkamazi.site/archives/1035883/embed#?secret=3swghF2MWd" width="600" height="338" title="&#8220;Cengiz Çandar: Başkan Barzani&#8217;nin mesajları Kürt Ulusal Birliğinin canlanmasının temeli oldu&#8221; &#8212; Darka Mazi" data-secret="3swghF2MWd" frameborder="0" marginwidth="0" marginheight="0" scrolling="no" class="darka-embedded-content"></iframe><script>
/*! This file is auto-generated */
!function(d,l){"use strict";l.querySelector&&d.addEventListener&&"undefined"!=typeof URL&&(d.wp=d.wp||{},d.wp.receiveEmbedMessage||(d.wp.receiveEmbedMessage=function(e){var t=e.data;if((t||t.secret||t.message||t.value)&&!/[^a-zA-Z0-9]/.test(t.secret)){for(var s,r,n,a=l.querySelectorAll('iframe[data-secret="'+t.secret+'"]'),o=l.querySelectorAll('blockquote[data-secret="'+t.secret+'"]'),c=new RegExp("^https?:$","i"),i=0;i<o.length;i++)o[i].style.display="none";for(i=0;i<a.length;i++)s=a[i],e.source===s.contentWindow&&(s.removeAttribute("style"),"height"===t.message?(1e3<(r=parseInt(t.value,10))?r=1e3:~~r<200&&(r=200),s.height=r):"link"===t.message&&(r=new URL(s.getAttribute("src")),n=new URL(t.value),c.test(n.protocol))&&n.host===r.host&&l.activeElement===s&&(d.top.location.href=t.value))}},d.addEventListener("message",d.wp.receiveEmbedMessage,!1),l.addEventListener("DOMContentLoaded",function(){for(var e,t,s=l.querySelectorAll("iframe.darka-embedded-content"),r=0;r<s.length;r++)(t=(e=s[r]).getAttribute("data-secret"))||(t=Math.random().toString(36).substring(2,12),e.src+="#?secret="+t,e.setAttribute("data-secret",t)),e.contentWindow.postMessage({message:"ready",secret:t},"*")},!1)))}(window,document);
//# sourceURL=https://darkamazi.site/other/js/wp-embed.min.js
</script>

Halkların Eşitlik ve Demokrasi Partisi (DEM Parti) Diyarbakır Milletvekili Cengiz Çandar, Başkan Mesud Barzani&#8217;nin mesajlarının ulusal birlik ruhunu canlandırdığını ve Kürtlerin bölgede barışın önemli bir karakteri olduğunu kanıtladığını vurguladı. Cengiz Çandar, Kurdistan24&#8217;e verdiği röportajda, İstanbul&#8217;da düzenlenen Uluslararası Barış ve Demokratik Toplum Konferansı&#8217;nın önemine dikkat çekerek, bu konferansı, geçtiğimiz ay Duhok&#8217;ta düzenlenen Orta Doğu Barış ve [&hellip;]
