{"version":"1.0","provider_name":"Darka Mazi","provider_url":"https:\/\/darkamazi.site","title":"Rojava: 33 ya\u015f\u0131ndaki Ala Emin Asayi\u015f g\u00fc\u00e7leri taraf\u0131ndan i\u015fkence ile katledildi - Darka Mazi","type":"rich","width":600,"height":338,"html":"<blockquote class=\"darka-embedded-content\" data-secret=\"rwakS6rMlI\"><a href=\"https:\/\/darkamazi.site\/archives\/1036669\">Rojava: 33 ya\u015f\u0131ndaki Ala Emin Asayi\u015f g\u00fc\u00e7leri taraf\u0131ndan i\u015fkence ile katledildi<\/a><\/blockquote><iframe sandbox=\"allow-scripts\" security=\"restricted\" src=\"https:\/\/darkamazi.site\/archives\/1036669\/embed#?secret=rwakS6rMlI\" width=\"600\" height=\"338\" title=\"&#8220;Rojava: 33 ya\u015f\u0131ndaki Ala Emin Asayi\u015f g\u00fc\u00e7leri taraf\u0131ndan i\u015fkence ile katledildi&#8221; &#8212; Darka Mazi\" data-secret=\"rwakS6rMlI\" frameborder=\"0\" marginwidth=\"0\" marginheight=\"0\" scrolling=\"no\" class=\"darka-embedded-content\"><\/iframe><script>\n\/*! This file is auto-generated *\/\n!function(d,l){\"use strict\";l.querySelector&&d.addEventListener&&\"undefined\"!=typeof URL&&(d.wp=d.wp||{},d.wp.receiveEmbedMessage||(d.wp.receiveEmbedMessage=function(e){var t=e.data;if((t||t.secret||t.message||t.value)&&!\/[^a-zA-Z0-9]\/.test(t.secret)){for(var s,r,n,a=l.querySelectorAll('iframe[data-secret=\"'+t.secret+'\"]'),o=l.querySelectorAll('blockquote[data-secret=\"'+t.secret+'\"]'),c=new RegExp(\"^https?:$\",\"i\"),i=0;i<o.length;i++)o[i].style.display=\"none\";for(i=0;i<a.length;i++)s=a[i],e.source===s.contentWindow&&(s.removeAttribute(\"style\"),\"height\"===t.message?(1e3<(r=parseInt(t.value,10))?r=1e3:~~r<200&&(r=200),s.height=r):\"link\"===t.message&&(r=new URL(s.getAttribute(\"src\")),n=new URL(t.value),c.test(n.protocol))&&n.host===r.host&&l.activeElement===s&&(d.top.location.href=t.value))}},d.addEventListener(\"message\",d.wp.receiveEmbedMessage,!1),l.addEventListener(\"DOMContentLoaded\",function(){for(var e,t,s=l.querySelectorAll(\"iframe.darka-embedded-content\"),r=0;r<s.length;r++)(t=(e=s[r]).getAttribute(\"data-secret\"))||(t=Math.random().toString(36).substring(2,12),e.src+=\"#?secret=\"+t,e.setAttribute(\"data-secret\",t)),e.contentWindow.postMessage({message:\"ready\",secret:t},\"*\")},!1)))}(window,document);\n\/\/# sourceURL=https:\/\/darkamazi.site\/other\/js\/wp-embed.min.js\n<\/script>\n","thumbnail_url":"https:\/\/darkamazi.site\/file\/2026\/03\/Ala-Emin.jpg","thumbnail_width":900,"thumbnail_height":497,"description":"Suriye K\u00fcrt k\u00f6kenli 33 ya\u015f\u0131ndaki \u0130sve\u00e7 vatanda\u015f\u0131 Ala Adnan Emin&#8217;in ailesi, o\u011fullar\u0131n\u0131n Suriye K\u00fcrdistan B\u00f6lgesi&#8217;ndeki Kam\u0131\u015fl\u0131 \u015fehrinde aylarca g\u00f6zalt\u0131nda tutulduktan sonra \u00f6ld\u00fc\u011f\u00fcn\u00fc a\u00e7\u0131klad\u0131. Aile, Demokratik Birlik Partisi&#8217;ni (PYD) i\u015fkence alt\u0131nda \u00f6l\u00fcm\u00fcne neden olmakla su\u00e7lad\u0131. K\u0131z karde\u015finin ifadesine g\u00f6re, 18 Eyl\u00fcl g\u00fcn\u00fc saat 01:00&#8217;te birka\u00e7 \u00fcyeden olu\u015fan bir g\u00fcvenlik g\u00fcc\u00fc evlerine bask\u0131n d\u00fczenledi. Maskeli silahl\u0131 ki\u015filer [&hellip;]"}

Rojava: 33 yaşındaki Ala Emin Asayiş güçleri tarafından işkence ile katledildi - Darka Mazi

<blockquote class="darka-embedded-content" data-secret="rwakS6rMlI"><a href="https://darkamazi.site/archives/1036669">Rojava: 33 yaşındaki Ala Emin Asayiş güçleri tarafından işkence ile katledildi</a></blockquote><iframe sandbox="allow-scripts" security="restricted" src="https://darkamazi.site/archives/1036669/embed#?secret=rwakS6rMlI" width="600" height="338" title="&#8220;Rojava: 33 yaşındaki Ala Emin Asayiş güçleri tarafından işkence ile katledildi&#8221; &#8212; Darka Mazi" data-secret="rwakS6rMlI" frameborder="0" marginwidth="0" marginheight="0" scrolling="no" class="darka-embedded-content"></iframe><script>
/*! This file is auto-generated */
!function(d,l){"use strict";l.querySelector&&d.addEventListener&&"undefined"!=typeof URL&&(d.wp=d.wp||{},d.wp.receiveEmbedMessage||(d.wp.receiveEmbedMessage=function(e){var t=e.data;if((t||t.secret||t.message||t.value)&&!/[^a-zA-Z0-9]/.test(t.secret)){for(var s,r,n,a=l.querySelectorAll('iframe[data-secret="'+t.secret+'"]'),o=l.querySelectorAll('blockquote[data-secret="'+t.secret+'"]'),c=new RegExp("^https?:$","i"),i=0;i<o.length;i++)o[i].style.display="none";for(i=0;i<a.length;i++)s=a[i],e.source===s.contentWindow&&(s.removeAttribute("style"),"height"===t.message?(1e3<(r=parseInt(t.value,10))?r=1e3:~~r<200&&(r=200),s.height=r):"link"===t.message&&(r=new URL(s.getAttribute("src")),n=new URL(t.value),c.test(n.protocol))&&n.host===r.host&&l.activeElement===s&&(d.top.location.href=t.value))}},d.addEventListener("message",d.wp.receiveEmbedMessage,!1),l.addEventListener("DOMContentLoaded",function(){for(var e,t,s=l.querySelectorAll("iframe.darka-embedded-content"),r=0;r<s.length;r++)(t=(e=s[r]).getAttribute("data-secret"))||(t=Math.random().toString(36).substring(2,12),e.src+="#?secret="+t,e.setAttribute("data-secret",t)),e.contentWindow.postMessage({message:"ready",secret:t},"*")},!1)))}(window,document);
//# sourceURL=https://darkamazi.site/other/js/wp-embed.min.js
</script>

Suriye Kürt kökenli 33 yaşındaki İsveç vatandaşı Ala Adnan Emin&#8217;in ailesi, oğullarının Suriye Kürdistan Bölgesi&#8217;ndeki Kamışlı şehrinde aylarca gözaltında tutulduktan sonra öldüğünü açıkladı. Aile, Demokratik Birlik Partisi&#8217;ni (PYD) işkence altında ölümüne neden olmakla suçladı. Kız kardeşinin ifadesine göre, 18 Eylül günü saat 01:00&#8217;te birkaç üyeden oluşan bir güvenlik gücü evlerine baskın düzenledi. Maskeli silahlı kişiler [&hellip;]
